+ 931. Calculate s(40).
11
Let m(n) = -n**3 + 6*n**2 + 30*n - 59. What is m(7)?
102
Let x(i) = -11*i**2 - 18*i + 244. Determine x(4).
-4
Let a(s) = -s**2 + 143*s + 5787. Determine a(176).
-21
Let c(g) = g**3 + 3*g**2 + 85*g - 450. Give c(5).
175
Let a(f) = -2*f**3 + 7*f**2 + f + 44. Determine a(7).
-292
Let h(r) = -202*r + 1002. Determine h(6).
-210
Let v(h) = -29*h**2 + 117*h - 91. Give v(3).
-1
Let f(v) = -v**3 + 13*v**2 - 62*v + 595. Calculate f(12).
-5
Let d(m) = -2*m**3 + 53*m**2 + 36*m - 209. Give d(27).
34
Let o(z) = z**2 - 32*z + 136. Determine o(36).
280
Let j(l) = 130*l - 17035. Calculate j(131).
-5
Let q(u) = 9*u**3 - 4*u**2 + 32*u + 35. What is q(-1)?
-10
Let t(q) = 100*q - 3972. Determine t(41).
128
Let j(n) = -2*n**3 + 219*n**2 - 327*n + 328. Determine j(108).
4
Let n(b) = -69*b - 854. Determine n(-12).
-26
Let g(q) = q**3 - 3*q**2 - 51*q - 93. Determine g(-2).
-11
Let o(r) = -r + 85. What is o(-13)?
98
Let i(v) = -239*v - 718. Calculate i(-3).
-1
Let b(p) = -13*p + 38. Give b(14).
-144
Let h(o) = -193*o - 1345. Calculate h(-7).
6
Let g(d) = -d**3 - 4*d**2 - 21*d - 63. Give g(-3).
-9
Let d(m) = 49*m - 3370. Determine d(63).
-283
Let f(i) = -i**2 + 77*i - 680. What is f(10)?
-10
Let z(k) = -2*k**3 - 22*k**2 - 29*k + 191. Give z(-6).
5
Let g(q) = -5*q**2 - 73*q - 39. What is g(-15)?
-69
Let s(p) = 2*p**2 + 200*p + 945. Calculate s(-95).
-5
Let l(k) = 3*k**2 - 135*k - 95. Give l(46).
43
Let i(r) = -3433*r + 24016. Give i(7).
-15
Let n(r) = 72*r + 692. Calculate n(7).
1196
Let p(h) = -1369*h - 2709. Determine p(-2).
29
Let f(q) = -2*q**3 + 24*q**2 + 9*q + 646. Determine f(14).
-12
Let w(m) = -m**3 + 16*m**2 + 41*m + 5. Calculate w(18).
95
Let j(r) = 11*r + 270. Calculate j(-19).
61
Let b(z) = -2*z**2 - 57*z - 400. Calculate b(-6).
-130
Let k(j) = 170*j + 1875. Determine k(-11).
5
Let g(q) = 6*q**2 - 75*q - 359. Determine g(16).
-23
Let x(a) = 10*a**3 - 38*a**2 - 2*a - 21. Calculate x(4).
3
Let p(m) = -m**2 + 96*m + 732. Calculate p(-7).
11
Let y(x) = 36*x + 277. Give y(-6).
61
Let v(j) = 244*j - 85894. Calculate v(352).
-6
Let x(i) = 6*i**2 - 27*i - 193. Determine x(-7).
290
Let p(x) = 208*x - 1430. Determine p(7).
26
Let h(b) = -93*b**2 - 6*b - 2. What is h(2)?
-386
Let a(h) = 2*h**2 + h - 39. What is a(9)?
132
Let t(r) = -r**3 - 13*r**2 - 58*r - 31. What is t(-4)?
57
Let x(m) = -2*m**2 + 46*m - 329. Calculate x(10).
-69
Let b(g) = 6*g**2 - 119*g - 11. Calculate b(20).
9
Let y(g) = -4*g**2 + 30*g - 45. What is y(5)?
5
Let n(x) = -2*x**2 + 20*x - 1. Give n(13).
-79
Let s(u) = -u**3 + 66*u**2 - 69*u + 252. Calculate s(65).
-8
Let l(x) = 19*x + 31. What is l(2)?
69
Let l(r) = 73*r**3 + 22*r**2 + 22*r + 1. Determine l(-1).
-72
Let o(q) = 475*q + 75548. What is o(-159)?
23
Let c(o) = -o**3 + 5*o**2 + 101*o - 541. What is c(5)?
-36
Let n(o) = -12*o**2 - 498*o + 264. What is n(-42)?
12
Let n(z) = -z**2 + 40*z + 31. Give n(38).
107
Let i(p) = p**3 - 8*p**2 - 13*p + 87. Give i(7).
-53
Let y(f) = -5494*f - 39. What is y(0)?
-39
Let x(g) = 11*g**3 - 39*g**2 - 20*g + 43. Determine x(6).
895
Let f(x) = -11*x - 188. Calculate f(-16).
-12
Let l(a) = -4*a**2 - 58*a - 148. Give l(-13).
-70
Let y(r) = r**3 + 31*r**2 - 3*r - 44. Calculate y(-31).
49
Let b(l) = 1687*l - 6751. What is b(4)?
-3
Let u(q) = -4*q**3 - 269*q**2 + 198*q - 397. Determine u(-68).
11
Let m(p) = 127*p - 9872. Give m(78).
34
Let n(b) = 8*b**2 + 142*b - 16. Calculate n(-17).
-118
Let s(d) = -d**2 - 9*d - 18. Give s(-4).
2
Let r(f) = -f**3 - 22*f**2 + 7*f + 176. Calculate r(-22).
22
Let k(h) = -2*h**3 + 13*h**2 + 97*h - 611. Calculate k(7).
19
Let o(y) = -y**3 - 4*y**2 + 440*y + 1757. What is o(-4)?
-3
Let d(c) = -c**2 - 84*c - 1119. Determine d(-20).
161
Let o(z) = 7*z**2 + 85*z + 34. Give o(-11).
-54
Let y(s) = -36*s**2 - 29*s - 93. Calculate y(-5).
-848
Let o(a) = -4*a + 92. Determine o(13).
40
Let c(i) = 87*i + 3087. Give c(-35).
42
Let a(q) = -q**2 + 6*q - 41. Give a(12).
-113
Let t(x) = -x**3 + 27*x**2 - 104*x + 27. What is t(4)?
-21
Let j(t) = 15*t + 34. Give j(-4).
-26
Let k(l) = -l**3 + 18*l**2 - 76*l + 24. What is k(13)?
-119
Let z(l) = 8*l**3 + 593*l**2 + 75*l + 84. Calculate z(-74).
10
Let v(j) = 34*j**2 + 717*j + 42. Calculate v(-21).
-21
Let u(z) = -31*z**2 + 110*z - 10. What is u(4)?
-66
Let x(u) = 284*u - 9384. Calculate x(33).
-12
Let a(f) = -57*f - 2492. What is a(-44)?
16
Let c(l) = 20*l**2 + 1249*l + 553. What is c(-62)?
-5
Let b(q) = -29*q - 826. Give b(-32).
102
Let v(o) = 27*o**3 - 4*o**2 + 5*o - 1. Calculate v(2).
209
Let k(h) = -h**3 - 21*h**2 - 119*h - 165. Calculate k(-7).
-18
Let x(i) = i**3 + 58*i**2 - 1097*i - 158. Calculate x(-73).
-12
Let l(p) = 2*p**2 - 26*p - 314. Calculate l(-8).
22
Let y(g) = g**2 + 6*g + 6. What is y(-3)?
-3
Let v(z) = z**3 + 33*z**2 - 118*z - 1639. Give v(-35).
41
Let k(f) = f**2 - 62*f + 916. Determine k(37).
-9
Let g(i) = -2*i**2 + 193*i + 9. What is g(0)?
9
Let q(h) = 1300*h + 13001. What is q(-10)?
1
Let z(x) = -x**3 + 15*x**2 - 16*x + 46. Determine z(14).
18
Let h(b) = -6*b + 95. Determine h(10).
35
Let q(i) = -5*i**2 - 28*i + 409. Determine q(7).
-32
Let u(j) = -28*j**2 - 335*j - 4. Determine u(-12).
-16
Let m(z) = z**2 - 32*z + 165. What is m(18)?
-87
Let v(q) = q**2 - 24*q - 165. Determine v(32).
91
Let a(l) = 3*l**2 + 77*l + 36. Determine a(-25).
-14
Let a(m) = -25*m + 2856. What is a(113)?
31
Let b(a) = 2*a**3 + 36*a**2 - 115*a + 228. What is b(-21)?
-3
Let d(x) = -715*x + 4296. Determine d(6).
6
Let i(o) = -31*o + 2. What is i(0)?
2
Let f(s) = -145*s + 2921. Give f(20).
21
Let b(j) = -4*j**2 + 9*j + 90. What is b(7)?
-43
Let k(j) = 12*j - 17. Give k(4).
31
Let b(c) = -103*c - 356. What is b(-4)?
56
Let r(t) = t**3 - 35*t**2 + 154*t - 118. Calculate r(30).
2
Let g(o) = o**3 + 18*o**2 - 20*o. Determine g(-19).
19
Let o(p) = -p**2 - 10*p - 8. Determine o(-7).
13
Let b(q) = -q**2 - 6*q + 80. Give b(5).
25
Let u(m) = -m**3 - 19*m**2 + 173*m - 13. Calculate u(-26).
221
Let u(c) = -c**3 + 18*c**2 - 19*c - 172. What is u(13)?
426
Let w(g) = -g**3 + 27*g**2 - 31*g + 25. Give w(26).
-105
Let y(t) = -t**3 - 18*t**2 - 78*t - 22. What is y(-11)?
-11
Let m(t) = 2*t**2 + 54*t + 381. What is m(-22)?
161
Let k(b) = -b**3 + 3*b**2 + 1315*b - 6512. Calculate k(5).
13
Let a(j) = 98*j - 1470. Determine a(15).
0
Let g(x) = 24*x + 1080. Determine g(-52).
-168
Let z(r) = 11*r**2 + 58*r - 1. Give z(-5).
-16
Let n(w) = -3*w**2 + 43*w + 24. Calculate n(16).
-56
Let q(y) = -42*y - 1130. Calculate q(-27).
4
Let a(q) = -6*q - 290. Give a(-43).
-32
Let y(a) = -206*a + 1500. What is y(7)?
58
Let o(w) = w**2 + 29*w + 67. Give o(-21).
-101
Let n(y) = -2*y**2 - 32*y - 132. What is n(-5)?
-22
Let l(p) = 38*p**2 - 49*p - 148. What is l(-3)?
341
Let d(b) = -6*b + 93. Determine d(14).
9
Let z(f) = -4*f + 93. Determine z(11).
49
Let k(q) = -q**3 - 13*q**2 + 5*q + 58. Determine k(-13).
-7
Let u(x) = -x**3 + 5*x**2 + 22*x - 80. Determine u(3).
4
Let k(p) = 4884*p + 126970. What is k(-26)?
-14
Let v(x) = -x**2 + 31*x - 89. What is v(28)?
-5
Let k(b) = 295*b - 1682. Determine k(6).
88
Let q(f) = 8*f**3 + 175*f**2 - 20*f + 1. Determine q(-22).
-43
Let b(u) = -4*u**2 + u + 66. Determine b(-6).
-84
Let g(d) = 64*d + 2292. Give g(-38).
-140
Let k(v) = -5*v**2 + 414*v - 1919. Give k(78).
-47
Let z(w) = 2*w**3 - w**2 - 17*w - 11. What is z(-5)?
-201
Let d(j) = j**2 + 406*j - 2075. Give d(5).
-20
Let x(c) = c**3 + 3*c**2 + 4*c + 11. What is x(0)?
11
Let t(w) = -282*w + 53023. Determine t(188).
7
Let y(c) = 2*c**2 - 57*c - 250. Determine y(-4).
10
Let s(i) = 529*i + 513. What is s(-1)?
-16
Let s(k) = 3*k**3 + 16*k**2 - 8*k + 6. Give s(-7).
-183
Let p(g) = -g**3 - 26*g**2 + 152*g + 13. Give p(5).
-2
Let g(j) = j**3 - 5*j**2 - 22*j + 48. What is g(7)?
-8
Let z(c) = -6*c**2 + 21*c + 186. What is z(-4)?
6
Let l(p) = 5*p**3 - 2*p**2 + 2*p + 1. Give l(2).
37
Let w(s) = -s**3 - 59*s**2 - 597*s - 6. What is w(-46)?
-52
Let c(j) = -118*j + 322. Give c(3).
-32
Let b(p) = -p**3 - 8*p**2 + 73*p - 32. Determine b(-14).
122
Let v(f) = 3*f**3 - 228*f**2 + 7*f - 453. Calculate v(76).
79
Let q(n) = -123*n + 25840. Give q(210).
10
Let s(u) = u**3 + 14*u**2 + 8*u + 115. Give s(-14).
3
Let l(m) = m**3 - 65*m**2 + 245*m - 1. Give l(4).
3
Let t(l) = -8*l + 38. Determine t(-29).
270
Let